Let u = t - 5. Let h = u - -11. Calculate the remainder when 2 is divided by h.
0
Suppose -5*a + 2*v = -193, 196 = 5*a - v + 2*v. Calculate the remainder when a is divided by 20.
19
Suppose -219*y + 1095 = -216*y. Calculate the remainder when y is divided by 61.
60
Suppose -d = -4, 3*y - d = 3 + 11. Suppose y*j = -13 + 67. Calculate the remainder when 26 is divided by j.
8
Let u = 277 + -138. Calculate the remainder when u is divided by 26.
9
Suppose -4*h - h + 35 = 0. Suppose -h*s + s - 90 = 0. Let b = s + 30. What is the remainder when b is divided by 9?
6
Suppose 2*w = 4*r + 18, -w + 6*w = r + 27. Suppose 39 = i - m, -w*i + 2*m + 207 = m. What is the remainder when i is divided by 15?
12
Let l be (-1575)/(-30)*4/2. Suppose 0 = j + 2*j - l. Let o = -21 + j. Calculate the remainder when o is divided by 4.
2
Let f(i) = -i + 3. Let q be f(3). Let j be 6 + (-8)/2 + 1. Let z = j + q. What is the remainder when 4 is divided by z?
1
Let w(m) = 25*m**2 - 6*m - 8. Let z be w(-6). Suppose 2*p = -6*p + z. What is the remainder when p is divided by 30?
26
Suppose 0 = -2*o - 3*p + 7, 5*o + 2*p - 22 = -p. Suppose 4*m - 341 = -o*b, -212 - 245 = -5*m + 4*b. Calculate the remainder when m is divided by 23.
20
Let f = -3 - -17. Let r = 125 - 122. Suppose 120 = d + 2*d + 3*a, 114 = 3*d - r*a. Calculate the remainder when d is divided by f.
11
Suppose -h = -3 - 2. Let s(i) = -i**3 - 9*i**2 - 5*i - 28. What is the remainder when (-5)/25 + 161/h is divided by s(-9)?
15
Let g = 66 - 40. Suppose 0 = -5*y - 2*c + 210, 0*c - 29 = -y - 3*c. What is the remainder when g is divided by (-3 + y/(-12))*(-6)/4?
6
What is the remainder when 16 is divided by (-14)/(-18) + -1 + 552/54?
6
Let g(i) = i**3 - 11*i**2 + 18*i + 14. Calculate the remainder when g(13) is divided by 31.
28
Suppose -g = -2*g + y + 45, -5*y - 78 = -2*g. Calculate the remainder when g is divided by 17.
15
Suppose 0*n = 2*n + 2. What is the remainder when 32 is divided by 11 - (-3)/(-1) - n?
5
Let p = 432 - 181. Calculate the remainder when p is divided by 42.
41
Let d(s) = 5*s**3 - s. Let v be d(1). Suppose 0 = v*k - 3*p + 159, 2*p - 4 + 2 = 0. Let h = k + 68. What is the remainder when 57 is divided by h?
28
Let f(m) = -m**2 - 2*m. Let z be f(-8). Let a = 129 + z. What is the remainder when a is divided by 28?
25
Suppose -13*z = 29 - 2551. Let d = 25 + 3. Calculate the remainder when z is divided by d.
26
Suppose 2*p = 18 - 0. Calculate the remainder when p is divided by (-69)/(-21) + 8/(-28).
0
Suppose 2*j + 20 + 28 = 2*y, 4*j - 136 = -4*y. Let l = 72 - -42. What is the remainder when l is divided by y?
27
Suppose 8*m - 18 = 6. Suppose -m*d = -2*p - 8, -3*p - 3 = -4*d + 7. What is the remainder when 6 is divided by p?
0
Suppose -13 = -8*a + 3. Suppose -2*z + z = -a*t - 167, 650 = 4*z + t. Calculate the remainder when z is divided by 33.
31
Suppose 9*b - 14*b + 4*f = -51, -4*b + 2*f = -42. Calculate the remainder when 9/6*344/12 is divided by b.
10
Suppose -3*s = -139 - 65. What is the remainder when s is divided by 10?
8
Let i = -12 - -23. Let o = 27 + -21. Calculate the remainder when (-5)/10 + 249/o is divided by i.
8
Suppose u + 2*r = 30, -22 = -2*u + 2*r + 32. Suppose -u*b + 26*b = -138. What is the remainder when b is divided by 9?
6
Let h(y) = 3*y + 38. Let a be h(-12). Let b = 9 + -6. Suppose 0 = q + 3*g - b, -3*q + 4*g = a*q - 34. Calculate the remainder when q is divided by 2.
0
Let q be (3 + 376/(-12))*-3. Let b = q + -28. What is the remainder when b is divided by 15?
12
Let x = -256 + 269. Calculate the remainder when x is divided by 8.
5
What is the remainder when 112 is divided by 4/(476/92 + -5)?
20
Let m = -103 - -188. Let o(s) = -s**2 + 30*s - 43. Let y be o(30). Let i = y + m. What is the remainder when i is divided by 11?
9
Suppose 3*c + 24 = -c. Let l(a) = a**2 - 4*a + 6. What is the remainder when 68*(-1)/(8/c) is divided by l(6)?
15
Let v = -73 + 63. What is the remainder when 88 is divided by (-6)/v - 1470/(-50)?
28
Suppose -12 = -30*m + 27*m. Let u = 18 + m. Calculate the remainder when (90 - 2) + (-2 - 0) is divided by u.
20
Suppose -3*y = 6, 9*m - 5*y = 11*m - 16. What is the remainder when 135 is divided by m?
5
Suppose -1 = -2*z + z. Let q(i) = 7*i**2 - 2*i + 1. Let y be q(z). Suppose 3*r + y = 0, 4*g - 4*r + 9 - 69 = 0. Calculate the remainder when 38 is divided by g.
12
Suppose -40*t = 6*t - 9844. Calculate the remainder when t is divided by 54.
52
Let v(x) = 2*x**2 - 35*x - 3. Let g be v(18). What is the remainder when (-76*1/(-6))/(10/g) is divided by 12?
7
Suppose -y - 8 = -2*y. Calculate the remainder when ((-150)/48 - -3)*-248 is divided by y.
7
Let l = -5 - -7. Suppose 0 + 4 = 4*x. Calculate the remainder when (7 - 8)*(-5 + x) is divided by l.
0
Let v(y) be the first derivative of y**3/3 - 3*y**2/2 - 6*y - 1. Calculate the remainder when v(5) is divided by 2/3*24/16.
0
Let h(a) = -a + 9. Let l be h(4). Suppose 80 = 6*t - 2*t + 4*u, -l*u = -5*t + 130. What is the remainder when 68 is divided by t?
22
Let v(l) = -10*l + 123. Calculate the remainder when v(8) is divided by 19.
5
Suppose 0 = -6*w - 0*w - 744. Let t be (-5 - -3)*(-67)/(-2). Let m = t - w. Calculate the remainder when m is divided by 30.
27
Let x(r) = 8*r**2 - r - 14. What is the remainder when 175 is divided by x(-3)?
53
Suppose -3*s = -5*s - 134. Let c = s - -103. Calculate the remainder when c is divided by 13.
10
Let h(b) = -6*b - 42. Calculate the remainder when 149 is divided by h(-12).
29
Let k = -84 + 90. Calculate the remainder when 53 is divided by k.
5
Let b(z) = 2*z**3 - 15*z**2 - 16*z - 19. Suppose 0 = 5*c + 3*o - 129, -3*c + 87 = -0*c - 3*o. What is the remainder when b(9) is divided by c?
26
Let g(l) = -5*l + 59. What is the remainder when g(4) is divided by 25?
14
Let d = -19 - -35. Let a(m) = -m**2 - 10*m + 25. What is the remainder when a(-7) is divided by d?
14
Suppose k = 5*k. Suppose -i = -2*q + 3*i + 166, k = 5*q + 4*i - 471. What is the remainder when q is divided by 23?
22
Suppose 15 = -5*n + a, n + n - 5*a = 17. Suppose 5*k - 59 = -3*b, 3*b = -2*k + 12 + 8. What is the remainder when k is divided by 3 - (3/4)/(n/16)?
1
Let s(j) = -j - 24. Let h(q) = 2*q + 36. Let f(v) = -5*h(v) - 8*s(v). What is the remainder when f(-21) is divided by 8?
6
Let l = -4 + 7. Suppose 0*m - 39 = -l*m. Calculate the remainder when (-45 + -31)*1*2/(-4) is divided by m.
12
Suppose 5*s - 188 = 3*s + l, 461 = 5*s + 2*l. Calculate the remainder when s is divided by 22.
5
Suppose -2*a + 16 = 2*k + k, a = -5*k + 8. Suppose 0 = -3*r + 2 - a, 0 = -4*n - r + 22. What is the remainder when -28*2/(-1*2) is divided by n?
4
Let v = 6 - -48. Suppose -2*z = 7*z - 360. Suppose 4*n = 2*f - 8, 0 = 2*f + 3*n - z - 3. Calculate the remainder when v is divided by f.
12
Let r(m) = -4*m**3 - 10*m**2 - 25*m - 2. Calculate the remainder when r(-4) is divided by 58.
20
Let y(w) = w**3 + 4*w**2 - 10*w - 8. Calculate the remainder when y(-3) is divided by 20.
11
Let j = 6 - 6. Suppose j = -2*n - 4*z - 14, 5 = 6*n - n + 2*z. Calculate the remainder when 10 is divided by n.
1
Let u be (-10)/(-20)*(1 - 1). Suppose -42 = -3*g - u*g - 3*r, 4*r = 5*g - 43. Calculate the remainder when g is divided by 2.
1
Let v(u) = -u**2 - 41. Let r be v(-9). Let z = -78 - r. Calculate the remainder when 84 is divided by z.
40
Suppose 53 = 2*x - 5. Suppose -a + 7 = -2*q, 3*a = -140*q + 144*q + 19. Calculate the remainder when x is divided by a.
4
Calculate the remainder when 123 is divided by (-2 + 3)*25/15*15.
23
Suppose s + 2*x = 27, -3*x = -0*x - 6. Let z(p) = -12*p + 4. Let w be z(3). Let k = 35 - w. Calculate the remainder when k is divided by s.
21
Let r = -202 - -216. Calculate the remainder when 21 is divided by r.
7
Let h(z) = 2*z + 4. Suppose -24 = m - 4*y - 6, 5*m + 15 = 5*y. Suppose -b + 4 + m = 2*l, 4*b - 18 = -5*l. Calculate the remainder when h(0) is divided by l.
0
Let y(w) = -22*w - 6. Let a be y(-4). Let i = a - 60. What is the remainder when 197 is divided by i?
21
Let z(k) = k - 5. Let c be z(6). Let s = 2 + c. What is the remainder when s/(-4) + 77/28 is divided by 1?
0
Let y(h) = 18*h. Let b = 34 - 32. What is the remainder when 140 is divided by y(b)?
32
Let i be 1/((-1)/17) + 2. Suppose 20*t - 225 = 5*t. Calculate the remainde